- 3 = 3*z + 3*d. Let x(a) = 17*a - 6. What is the units digit of x(z)?
5
Let i = 22 - 20. Suppose -s + 3*h = -6, -3*s - h = i*s - 110. What is the units digit of s?
1
Suppose -4*h = -0 - 4. Suppose -h = z + 8. What is the tens digit of (12/(-8))/(z/102)?
1
Suppose 0 = -5*j - 5*y + 1275, 6*j - 1020 = 2*j - 3*y. Suppose 0*m - 5*g - 89 = -m, j = 3*m - 3*g. What is the units digit of m?
4
Let s(p) = -7*p - 2. Let o be s(-1). Suppose 2*d + 2*g - 3*g - 377 = 0, o*d - 5*g - 945 = 0. Let y = d + -127. What is the tens digit of y?
6
Suppose 3*j = -5*p + 28, -8*j + 2*p = -3*j + 5. What is the hundreds digit of (j - 2)/(0 - 4/428)?
1
Let z be (-8)/(-40) + (-14)/(-5). Suppose x + 322 = 3*d, -z*d - x = 3*x - 347. What is the units digit of d?
9
Suppose -8 = 2*l, -2*y + l + 545 = -879. What is the hundreds digit of y?
7
Suppose 632*v - 627*v - 6270 = -5*m, -6294 = -5*m + 3*v. What is the thousands digit of m?
1
Suppose 0 = -33*m + 38*m + 5, -1666 = -4*g + 2*m. What is the tens digit of g?
1
Suppose 0 = -2*d + 2209 - 331. What is the hundreds digit of d?
9
Suppose 205*l - 201*l = 3300. What is the hundreds digit of l?
8
What is the units digit of 2/(-2)*-7*(-930)/(-5)?
2
Let f = 820 + -124. What is the units digit of f?
6
Suppose 4*x - 2122 = -2*j, -4*j + 2134 = 4*x - 6*j. What is the hundreds digit of x?
5
What is the units digit of (196/42 + -1 + -4)*-2127?
9
Let k = -29 + 31. Suppose 0 = k*u + 81 - 217. What is the units digit of u?
8
Let t(g) = -6*g + 9*g - 2*g + 10. What is the units digit of t(6)?
6
Let h be -5*(-3)/(6/2). Let k(u) = 10*u - 24. Let o(d) = 15*d - 36. Let w(t) = h*o(t) - 8*k(t). What is the tens digit of w(-9)?
5
Let k = -46 + 47. What is the tens digit of -1 - k - -100 - (0 - -4)?
9
Suppose 1 = 8*t - 39. Suppose c - 4*h = -t*h + 42, 2*c + 3*h - 89 = 0. What is the units digit of c?
7
Let m be (-49)/35 + (-4)/(-10). What is the units digit of -6 + (2 - m) - -46?
3
Suppose -1091 = -2*b + 3851. What is the hundreds digit of b?
4
What is the hundreds digit of 464 + (3*-2 - 225/(-25))?
4
Suppose 2204 = 49*p - 2500. What is the units digit of p?
6
Let o(f) = -3*f + 3. Let y be o(2). Let h be (-2)/(-3) - (-2)/y. Suppose h*l = l - 20. What is the units digit of l?
0
Suppose -4*o = 4*u - 2296, 3*u + o = 1587 + 129. Suppose 5*c = -m - m + 561, -u = -5*c + 3*m. What is the units digit of c?
3
Let o(j) = 140*j**2 - 6*j + 14. What is the units digit of o(2)?
2
Suppose -3*p - j + 11 = 0, 4*j - 9 = -4*p + 19. Let b = p + -3. What is the tens digit of (-285)/(-9) + b/(-3)?
3
Let l be (2/(-6)*-1)/((-3)/(-45)). Suppose 3*f - 616 = -3*o - f, -5*f + 1020 = l*o. What is the hundreds digit of o?
2
Let h(q) be the first derivative of -q**4/4 - q**3 - q**2/2 + 6*q - 5. Let j be h(-3). Let t(u) = -u**3 + 9*u**2 + 3*u + 11. What is the tens digit of t(j)?
3
Let h = -3 + 45. Suppose 4*a - h = 150. What is the units digit of a?
8
Let l(v) = 421*v + 16. What is the units digit of l(2)?
8
Let l = 16 + -5. Let m = -9 + l. Suppose 4*y = m*x + 40, 0 = -5*y + y + 5*x + 46. What is the units digit of y?
9
Let h(f) = -f**3 - 14*f**2 - 26. Let d be h(-14). What is the tens digit of (-1390)/(-14) + d/91?
9
Let z(j) = -2*j**2 - 23*j - 15. Let v be z(-20). Let y = v - -581. What is the hundreds digit of y?
2
Suppose 0 = -c - 0*c + 5*o + 656, 3280 = 5*c - o. What is the units digit of c?
6
Suppose 633 = 2*v + h - 1481, 0 = -2*v + 4*h + 2094. What is the tens digit of v?
5
Suppose p - 3*l = 1186, -l + 3568 = 3*p - 0*l. What is the hundreds digit of p?
1
Suppose 4 = -4*d + 48. Let b = d + -9. Suppose -b*y + 7*y = -3*g + 43, -5 = -5*g. What is the units digit of y?
8
Suppose -15 = -6*b + 3*b. Suppose b*g - 187 = -2*s, -g - 10 = -2*s - 57. What is the units digit of g?
9
Let v = 617 + 666. What is the hundreds digit of v?
2
Suppose -3*a + 35 = 8. Let d(m) = m**2 + 4*m - 7. Let c be d(-6). Suppose c*q = 5*w + 65, 10*w = -2*q + 5*w - a. What is the units digit of q?
8
Let m(t) = 57*t**2 + 20*t - 8. What is the units digit of m(-5)?
7
Let v(w) be the first derivative of -29*w**2/2 - 25*w - 16. What is the units digit of v(-4)?
1
Suppose -3*b - 57 = -z, 3*z + 2*b = 5*b + 177. Suppose 2*i - 14 = -z. Let n = i + 43. What is the tens digit of n?
2
Suppose -3*j = v - 210, 5*v - 148 + 21 = -2*j. What is the units digit of j?
1
Suppose 5*x - 108 = 3*x. Suppose -v - d + 12 = 0, 0*v - 4*v + x = d. What is the units digit of (-7)/v - (-49)/2?
4
Suppose -2*k = 5*y - 6*k - 2183, 866 = 2*y + 2*k. Suppose y = 3*f - 0*f. Suppose 7*h = 2*h + f. What is the tens digit of h?
2
Let z(p) = 9*p - 31. Let g be z(4). Suppose -10*u + 7*u + 5*x + 306 = 0, g*u = 5*x + 510. What is the hundreds digit of u?
1
Let h(p) = 2*p**3 - 7*p**2 + 7*p - 37. Suppose -12*z + 6*z = -36. What is the units digit of h(z)?
5
Let w(r) = 31*r**2 - 3*r. Let b be w(4). Suppose 0*m + 472 = 4*m - 2*s, b = 4*m + s. What is the tens digit of m?
2
Suppose 6*h + 4*h - 10600 = 0. What is the hundreds digit of h?
0
Suppose 0 = 4*m + 23 - 7. Let a be (3 + m)/(1/1). What is the tens digit of (-4 - (-3 + a)) + 41?
4
Let t = 50 - 6. What is the tens digit of t?
4
Suppose 22*f = 14*f + 640. What is the tens digit of f?
8
Let n be 25/(620/1980 - (-4)/(-18)). Suppose n = -4*s + 1163. What is the tens digit of s?
2
Let y(a) = 15*a + 1. Let l be 6/21 - 4/14. Suppose l = 4*o - 5*o + 2. What is the tens digit of y(o)?
3
Suppose -3*m = 4*i + 72 + 58, i + 182 = -4*m. Let t(z) = -z**2 + 2*z + 65. Let g be t(0). Let j = g + m. What is the units digit of j?
9
Let p = -9 - -19. Let a(v) = -15*v - 5. Let t be a(-4). What is the units digit of 90/11 - p/t?
8
Let b = -46 + 50. Suppose b*g + 10 = -3*y + 367, -3*g - y + 264 = 0. What is the tens digit of g?
8
Let v be (-5*(5 - 7))/(2/166). Suppose -13*r + 3*r + v = 0. What is the tens digit of r?
8
Let h = -1509 + 3409. What is the tens digit of h?
0
What is the units digit of (8/14 + 13/14)*1022?
3
Let j(r) = 4*r - 3. Let o be j(0). What is the tens digit of (-1069)/(-7) + (18/(-21))/o?
5
Let d be ((-73)/3)/(1/3). What is the tens digit of (0 - -1) + 3*d/(-3)?
7
Suppose -45 = -4*u - u. Suppose 5*n = -3*a - 9, 3*n - 2*a - u = a. Suppose n = 2*q - 0*q - 58. What is the tens digit of q?
2
Let i be (40/2)/(-8 - -6 - -1). Suppose 0 = 2*z - z - 2*b + 1016, -3*b = -3*z - 3039. What is the units digit of (-2)/(-4) + z/i?
1
What is the hundreds digit of (2/6)/(22 - 205255/9330)?
6
Let x = 1 + -1. Suppose -3 = -u - 7. What is the units digit of x - u - (3 - 3)?
4
What is the tens digit of 3314/(-4)*(-10)/5?
5
Let j = -134 + 137. Suppose 3*d + d - 3*s - 956 = 0, 696 = 3*d + j*s. What is the tens digit of d?
3
Let p be -3 - (2 + -1) - -25. Let s = p + -10. What is the tens digit of s?
1
What is the hundreds digit of 6 + 1207 + -9 - (-5 - 0)?
2
Suppose 4*n + 4*f = 8*n, 5*f = n + 12. Suppose c + 6 = n*c. Suppose 0 = c*k + 3, 2*k + 125 = 3*j - 0*j. What is the units digit of j?
1
Let v(t) = 15 - 3*t**2 + 0*t**2 + 0*t**2 - 3*t - t**3 + 0*t. What is the tens digit of v(-5)?
8
Suppose -5*h - 10 = 0, -q + 10 = q - h. Suppose -179 = -q*j + 73. What is the tens digit of j?
6
Let x be (-4 + 12 + -2)*46/3. Suppose 2*i - 5*b - 124 = 0, -3*b + x = 2*i - 0*i. What is the tens digit of i?
5
Suppose -12*w + 20088 = 15*w. What is the hundreds digit of w?
7
Let l(u) = -u**3 - 5*u**2 - 6*u - 8. Let b be l(-5). Suppose 3*k = 208 - b. Suppose -2*a = -2*c + k, -c + 21 = 2*a - 1. What is the units digit of c?
8
Let s(a) = 2*a - 9. Let i be s(-4). Let w be (2/3)/((-2)/(-147)). Let y = i + w. What is the tens digit of y?
3
Let s = -19 - -20. Let i(r) = -r - 1 - 3 - s + 6. What is the units digit of i(-2)?
3
Suppose -9*n + 13*n = 244. Let a = n - 26. What is the units digit of a?
5
Let o(z) = -z**2 + 39*z - 58. What is the tens digit of o(28)?
5
Suppose -5307 - 3045 = -18*v. What is the tens digit of v?
6
Suppose -t - 3*t = -216. What is the hundreds digit of 1762/12 - (-9)/t?
1
Suppose 0 = -i + 6*i. Suppose i = -7*j + 3*j + 356. What is the tens digit of j?
8
Suppose 54 = 2*q + q. Let y = 21 - q. Suppose 5*w = -2*a + 3*a - 50, -y*a = 3*w - 204. What is the units digit of a?
5
Let j be ((-6)/(-2) - 3)/(2/(-2)). Suppose j = 6*h - 8*h + 154. What is the units digit of h?
7
Let l(u) = 81*u**2 + 15*u + 66. What is the units digit of l(-4)?
2
Supp